 - 11. Let s(m) = 9*m - 7. What is the units digit of s(g)?
9
Let m(s) = -s**2 - 10*s - 8. Let k(v) = -v**2 + 4*v - 2. Let u be k(5). What is the tens digit of m(u)?
1
Let l(m) = -m**3 - 6*m**2 - m - 4. Let j be l(-6). Suppose -f + 2*o = -j*f + 40, -2*f + 95 = o. Suppose 5*g + 5 = f. What is the units digit of g?
9
Suppose -3*n + 2*q = 2*n - 88, 2*q = -8. What is the tens digit of n?
1
Let s(i) = 2*i**2 - 8*i + 1. What is the units digit of s(8)?
5
Let c be (-2)/1 - (-8 + 0). Let m = c - 4. Suppose 7*j - m*j = 60. What is the tens digit of j?
1
Let w = 3 + -1. Suppose 34 = -w*z + 4*z. What is the tens digit of z?
1
Suppose -5*x + 0 + 65 = 0. What is the tens digit of x?
1
Let n = 24 - 20. Suppose 2*q - 21 = -p, 60 = n*p + p - 5*q. What is the units digit of p?
5
Suppose 5*a + 3*x = 12, -x + 1 = -2*a + 8. Let w be (-10)/(-5)*(a + 1). Suppose 2*u - 8 - w = 0. What is the units digit of u?
8
Suppose 5*h - 1004 = -3*r, 0 = -2*h - 3*r + 8*r + 414. What is the hundreds digit of h?
2
Let r(s) = s**2 + 6*s - 2. Let d be r(-3). Let o = 17 + d. What is the units digit of o?
6
Let c = 10 - 2. Let j = c + -4. What is the units digit of j?
4
Let s(d) = d**2 + d - 2. Let p be s(-3). Suppose 2*f + 48 = p*f. Suppose -4*o = -f - 24. What is the tens digit of o?
1
Let q be 2/(-3)*15/5. Let b = -3 + 0. Let u = q - b. What is the units digit of u?
1
Suppose 4*a = s + 3*a - 5, -3*a + 3 = 3*s. Suppose -2*t = s*t + 4*h + 55, 8 = t - 3*h. What is the units digit of 5/(-35) + (-92)/t?
3
Suppose -5*p - 12 = -152. What is the tens digit of p?
2
Let q be 2 - (-1 + 2/2). Suppose q*o - 6*o = -48. What is the units digit of o?
2
Let v be 2/(-1) - -2 - -4. Suppose 0*x = x, 2*o + 5*x = 0. Suppose 0 = v*a - o*a - 16. What is the units digit of a?
4
Suppose 3*z = 4*u - 2*z - 10, u = -2*z + 9. What is the units digit of u?
5
What is the units digit of 34 - (-1 + 4 + -2)?
3
Let x = 10 - -13. What is the tens digit of x?
2
Let w be (8/(-3))/((-2)/(-12)). Let d(r) = -r**2 - r - 26. Let c be d(0). Let l = w - c. What is the units digit of l?
0
Let s = 47 + -19. What is the units digit of s?
8
Let m = -53 + 103. What is the tens digit of m?
5
Let b = 6 - 4. Suppose s = -b*s + 42. What is the units digit of s?
4
Let g be -1 - 5/((-10)/4). Let h = g + 4. Let z = h + 2. What is the units digit of z?
7
Let r be (0 - 11) + -6 + 8. Let c = -6 - r. Suppose c*x + 0*x = 15. What is the units digit of x?
5
Suppose 0 = -0*b - 2*b + 6. Suppose t - 5*s = -10, -b*t - 2*s + 55 - 17 = 0. What is the units digit of t?
0
Suppose 2*f + 4*g + 2 = 0, 4*f + 2*g - 2 + 0 = 0. Let u be f/3 - (-46)/6. Let v = 15 - u. What is the units digit of v?
7
Suppose 0 = -2*i - 3*i. Suppose -c + 4*c - 12 = i. What is the units digit of c?
4
Let g = 1 + 2. What is the units digit of g?
3
Suppose -o = 4*o - 40. Let x = o - 6. Suppose 10 = -x*m + 38. What is the tens digit of m?
1
Let j(a) = 12*a**2 - 3*a - 4. What is the units digit of j(3)?
5
Let b be -6*(-3 - 32/(-12)). Suppose -4*s + 41 + 61 = -b*r, 5 = -5*r. What is the units digit of s?
5
Suppose 5*a + 3*q = 82, 35 = 2*a - 0*q - q. What is the units digit of a?
7
Suppose 0 = 2*k + 3*k + 100. What is the units digit of ((-12)/5)/(4/k)?
2
Suppose 0 = 5*v, 0 = 5*m + v - 4*v - 1200. What is the tens digit of m?
4
Suppose g - 80 = -2*z, g = -2*z - 4*g + 96. What is the tens digit of z?
3
What is the units digit of (-153)/((-1)/(-3)*3)*-1?
3
Let n(z) = z**2 - 5*z - 23. What is the tens digit of n(10)?
2
What is the units digit of ((-11)/11)/(1 - 2)?
1
Let t be -3*(-42)/9 - 0. Let h = 31 - t. What is the tens digit of h?
1
What is the tens digit of 19*(1 - -2) - -1?
5
Suppose 4*u - 57 - 31 = 0. Suppose 0 - u = -y + 5*o, 0 = -2*y - 4*o + 2. What is the units digit of y?
7
Let i(m) = -4*m + 3. What is the units digit of i(-1)?
7
Suppose 2*m - 4*m + 1 = d, -5*d + 20 = -5*m. Let o be m/(-3) - 4/(-6). Suppose -3 + o = -2*f. What is the units digit of f?
1
Suppose 5*s = 4*s + 6. Suppose -3*u + s*u - n = 36, 3*n = 0. What is the tens digit of u?
1
Let q(g) = g**3 + 16*g**2 + 4*g - 1. What is the hundreds digit of q(-15)?
1
Suppose j - 5*c = 39, -3*c + 60 = j - 19. Suppose -j = -5*s + 11. What is the tens digit of s?
1
Let n(x) = 10*x**2 + 11*x - 10. What is the tens digit of n(-4)?
0
Suppose -125 = d + 4*d. What is the units digit of ((-12)/(-30))/((-1)/d)?
0
Let c = -4 - -5. Suppose 2 = m - c. Suppose 2*q = 6*q, -s = -m*q - 6. What is the units digit of s?
6
Let r be (4 - -21)*(-3)/(-5). Let a = -5 + r. What is the units digit of a?
0
Let v = 7 - 6. Let t = v - -4. Suppose s = t*s - 36. What is the units digit of s?
9
Let t(v) = 2*v**2 + 20*v + 10. What is the hundreds digit of t(-14)?
1
Let j be ((-16)/(-6) - 3)*-12. Suppose j*d - 8 = 2*d. Suppose -3*l = -2*v - 2*v - 64, 0 = d*l + 3*v - 52. What is the tens digit of l?
1
Let s = 23 - 24. What is the units digit of 3 - (1 + -14 - s)?
5
Suppose -5*z + 5*d + 40 = 0, 4*d + 29 = -2*z + 5*z. Let o be (z + -2)*84 + -1. Suppose 3*k = s - 4*s + 57, -k - o = -5*s. What is the units digit of s?
7
Let b be 2 + 0 + -2 + 0. Suppose b = 5*d - 3 - 72. What is the tens digit of d?
1
Suppose 3*n + 166 = -86. What is the units digit of n/30*-1*5?
4
Suppose 0 = -5*l - 4*h + 1007, -3*h = 3*l + h - 609. What is the tens digit of l?
9
Suppose 5*z = -5*a + 5, 4*a + 9 + 7 = 0. What is the units digit of z?
5
Suppose -2*s + 5*d = -4*s + 140, 2*d + 191 = 3*s. Let r = -41 + s. What is the units digit of 1*-1*r/(-3)?
8
Let l(p) = -10*p - 1. What is the tens digit of l(-3)?
2
Let n = 828 + -226. Let w = 365 - n. What is the units digit of 6/27 - w/27?
9
Let n = -12 - -14. Suppose -n*r - 56 = -4*r. What is the units digit of r?
8
Suppose -4*o + 20 = -8. Suppose o*d = 2*d + 80. What is the units digit of d?
6
Suppose -d + 4*o = 11, -3*d - 23 = 2*d - 4*o. What is the units digit of (-235)/(-15) + (-1)/d?
6
What is the units digit of 9/21 - (-7320)/70?
5
Suppose -15*i + 2584 = 4*i. What is the hundreds digit of i?
1
Suppose -65 = b + 4*b. Let l = b - -25. What is the tens digit of l?
1
Suppose -5*w + 3*w + 10 = 0. Suppose 30 = 2*k - 24. Suppose w*g - 2*g = k. What is the units digit of g?
9
Let w be (-2 + 3)*(1 - 0). What is the units digit of (3/(6/8))/w?
4
Suppose -18 = -5*g - 3. Let c(r) = -4*r**2 + 7*r**2 + 5*r**2 - 7*r + 3 - r**g. What is the units digit of c(7)?
3
Suppose -4*k - j + 60 = 0, 11 = k + 2*j - 4. Suppose -k = r - 3*i + 2*i, -3*r + 4*i = 47. What is the tens digit of (2*r)/(-3 + 1)?
1
What is the hundreds digit of 156 - 1 - (2/2 - 1)?
1
Suppose 16*u + 804 = 20*u. What is the tens digit of u?
0
Let d = 22 - 17. What is the tens digit of d/(-10) + 297/6?
4
Suppose 27 = 5*i + 4*s - 23, -5*s - 11 = i. Suppose 2*j + i = 46. What is the tens digit of j?
1
Let a = 394 - 69. What is the tens digit of a?
2
Let z(t) = 2*t. Suppose 4*k + 3 = 27. What is the tens digit of z(k)?
1
Suppose 467 = 5*w + 82. Suppose -3*z + 83 = 5*l, -w = -5*l + z + 2*z. What is the units digit of l?
6
Let c(q) = 2*q + 1. Let u be (1/(-2))/((-3)/(-6)). Let o be c(u). What is the units digit of 10 - (-2 + o)/(-1)?
7
Suppose 15 = 5*z, 2*j + 9 = -j + 5*z. Suppose 0 = q + 3*g - 7, -j*q - 2*q + 2*g + 28 = 0. What is the units digit of q?
7
What is the units digit of ((-3)/6)/((-2)/4)*150?
0
Let i(o) = 3*o**2 + 3*o - 2. What is the tens digit of i(3)?
3
Let o(j) = j**2 - j - 5. Suppose -5*z = 3 + 7. Let a be (-8 - z)/(-3)*2. What is the units digit of o(a)?
7
Let b(v) = 2*v + 0*v + 0*v. What is the units digit of b(3)?
6
Let x = -55 - -94. What is the units digit of x?
9
Let m = 104 - 73. Suppose -m = -4*q + 5. What is the units digit of q?
9
Suppose 15*o = 11*o + 20. Suppose -3*j + 2*q - 10 = 0, -q - 10 = -5*j - 3*q. Suppose j = 3*i - 2*g - 2, -5*i - 3*g = -o*g - 6. What is the units digit of i?
2
What is the units digit of (-2)/(-11) + (-2588)/(-44)?
9
Let s = 9 + -13. Let v be (-208)/(-20) + s/10. Let b = v + -5. What is the units digit of b?
5
What is the units digit of 1*-2 - (-648)/18?
4
Suppose 6 = -3*m - 0. Let r = 7 - m. What is the units digit of r?
9
Let f be (-3)/9*-3*-3. Let w be (2*-3)/(f/2). Suppose -2 = -l + w. What is the units digit of l?
6
Let f(t) = -t**3 + 10*t**2 + 14*t + 9. What is the units digit of f(10)?
9
Let t = -2 - -2. Let v be 1 + 1 - (2 - t). Suppos